t of 352631578?
5
What is the units digit of 15728348?
8
What is the hundreds digit of 9959518?
5
What is the tens digit of 411081500?
0
What is the ten thousands digit of 1994529652?
2
What is the ten thousands digit of 2188506009?
0
What is the hundred millions digit of 184619159?
1
What is the thousands digit of 170507438?
7
What is the thousands digit of 83202611?
2
What is the units digit of 771484494?
4
What is the millions digit of 167422222?
7
What is the ten thousands digit of 2376540632?
4
What is the ten millions digit of 499702225?
9
What is the hundreds digit of 112196863?
8
What is the millions digit of 44343325?
4
What is the tens digit of 105926147?
4
What is the tens digit of 477109924?
2
What is the hundred millions digit of 327043623?
3
What is the ten thousands digit of 102503367?
0
What is the hundred thousands digit of 26018596?
0
What is the hundred millions digit of 570449503?
5
What is the hundreds digit of 1290006838?
8
What is the ten thousands digit of 2470451077?
5
What is the ten thousands digit of 1115369343?
6
What is the thousands digit of 117884842?
4
What is the millions digit of 60260117?
0
What is the millions digit of 2446117912?
6
What is the hundred thousands digit of 6945544153?
5
What is the hundred millions digit of 1544850099?
5
What is the ten millions digit of 39273589?
3
What is the hundreds digit of 79928727?
7
What is the millions digit of 176568912?
6
What is the ten millions digit of 117816071?
1
What is the hundred millions digit of 117350467?
1
What is the ten millions digit of 89097661?
8
What is the hundred thousands digit of 3516228420?
2
What is the billions digit of 3403693223?
3
What is the units digit of 2685500936?
6
What is the ten millions digit of 73353494?
7
What is the thousands digit of 47836805?
6
What is the units digit of 219461910?
0
What is the units digit of 707468485?
5
What is the thousands digit of 449520632?
0
What is the ten thousands digit of 323280652?
8
What is the hundreds digit of 329956885?
8
What is the hundred millions digit of 2330217778?
3
What is the ten millions digit of 1153821759?
5
What is the ten millions digit of 140147243?
4
What is the units digit of 54504028?
8
What is the hundred thousands digit of 603786164?
7
What is the hundred millions digit of 1208161411?
2
What is the hundreds digit of 46207256?
2
What is the ten thousands digit of 52074333?
7
What is the units digit of 30124060?
0
What is the tens digit of 627008095?
9
What is the tens digit of 1293578031?
3
What is the tens digit of 39172991?
9
What is the ten millions digit of 101208560?
0
What is the hundred millions digit of 213491391?
2
What is the hundreds digit of 160841114?
1
What is the ten millions digit of 296926449?
9
What is the ten millions digit of 4650143175?
5
What is the hundred millions digit of 2452136272?
4
What is the tens digit of 388000792?
9
What is the thousands digit of 4579358676?
8
What is the ten thousands digit of 503363730?
6
What is the units digit of 163674184?
4
What is the ten thousands digit of 350770364?
7
What is the hundred thousands digit of 282417706?
4
What is the tens digit of 4274440763?
6
What is the ten millions digit of 59912083?
5
What is the ten millions digit of 55773131?
5
What is the ten millions digit of 67257352?
6
What is the tens digit of 60494295?
9
What is the hundred millions digit of 151379483?
1
What is the hundred thousands digit of 3355308802?
3
What is the units digit of 3467497574?
4
What is the tens digit of 52274357?
5
What is the millions digit of 180807065?
0
What is the units digit of 9917698?
8
What is the hundreds digit of 557809707?
7
What is the billions digit of 2760267287?
2
What is the hundreds digit of 14794601?
6
What is the millions digit of 93211693?
3
What is the millions digit of 1653051313?
3
What is the hundred thousands digit of 410376392?
3
What is the ten thousands digit of 62734204?
3
What is the units digit of 6634807?
7
What is the tens digit of 463991096?
9
What is the ten millions digit of 362317097?
6
What is the millions digit of 33306823?
3
What is the units digit of 326858366?
6
What is the ten millions digit of 5251039197?
5
What is the ten thousands digit of 359306506?
0
What is the thousands digit of 46022516?
2
What is the ten thousands digit of 244616699?
1
What is the hundreds digit of 1015394?
3
What is the hundred thousands digit of 792380116?
3
What is the hundreds digit of 594817570?
5
What is the hundred millions digit of 349860898?
3
What is the hundred thousands digit of 7982978?
9
What is the hundred millions digit of 126004624?
1
What is the hundreds digit of 4941245688?
6
What is the hundreds digit of 219383169?
1
What is the ten thousands digit of 3561728643?
2
What is the tens digit of 73821726?
2
What is the millions digit of 192816803?
2
What is the millions digit of 326202990?
6
What is the millions digit of 2623265767?
3
What is the thousands digit of 5137569716?
9
What is the ten thousands digit of 84514371?
1
What is the thousands digit of 945193704?
3
What is the thousands digit of 724372991?
2
What is the hundred millions digit of 122985373?
1
What is the hundreds digit of 3612880?
8
What is the hundreds digit of 1414249223?
2
What is the units digit of 52732913?
3
What is the millions digit of 2575419781?
5
What is the units digit of 6192436743?
3
What is the tens digit of 55585507?
0
What is the hundred millions digit of 2058614643?
0
What is the hundreds digit of 38051921?
9
What is the tens digit of 1321293084?
8
What is the hundred millions digit of 2911284355?
9
What is the hundreds digit of 2914435382?
3
What is the ten thousands digit of 35189472?
8
What is the thousands digit of 1015414697?
4
What is the hundred thousands digit of 12455144?
4
What is the ten thousands digit of 1330193369?
9
What is the hundreds digit of 98405026?
0
What is the units digit of 372059279?
9
What is the hundreds digit of 213089633?
6
What is the hundred thousands digit of 67262074?
2
What is the hundred thousands digit of 442889447?
8
What is the ten millions digit of 145575966?
4
What is the thousands digit of 125229496?
9
What is the ten thousands digit of 566791684?
9
What is the tens digit of 2074669922?
2
What is the ten thousands digit of 1201611901?
1
What is the billions digit of 1368107304?
1
What is the hundred thousands digit of 2760555331?
5
What is the hundred thousands digit of 446533413?
5
What is the hundred millions digit of 5685353983?
6
What is the ten millions digit of 226284200?
2
What is the millions digit of 553025983?
3
What is the tens digit of 253167214?
1
What is the units digit of 104828895?
5
What is the millions digit of 1066246713?
6
What is the ten thousands digit of 136692795?
9
What is the millions digit of 20609373?
0
What is the hundred thousands digit of 10116752?
1
What is the thousands digit of 23056008?
6
What is the millions digit of 240889880?
0
What is the hundred thousands digit of 157251233?
2
What is the hundreds digit of 1384952544?
5
What is the ten thousands digit of 162278772?
7
What is the tens digit of 898583339?
3
What is the units digit of 44749075?
5
What is the ten millions digit of 34674600?
3
What is the hundred millions digit of 3500989251?
5
What is the hundreds digit of 4082779170?
1
What is the hundred millions digit of 2772955352?
7
What is the hundred millions digit of 134110639?
1
What is the millions digit of 851279522?
1
What is the hundreds digit of 5356035266?
2
What is the ten thousands digit of 6406413396?
1
What is the millions digit of 46860267?
6
What is the ten thousands digit of 133085042?
8
What is the hundreds digit of 908898730?
7
What is the millions digit of 1491852283?
1
What is the units digit of 34514828?
8
What is the hundred thousands digit of 99970810?
9
What is the tens digit of 136899337?
3
What is the billions digit of 1529903537?
1
What is the tens digit of 1534197855?
5
What is the ten millions digit of 114208893?
1
What is the thousands digit of 1590274602?
4
What is the ten thousands digit of 363441609?
4
What is the hundred thousands digit of 247579412?
5
What is the hundreds digit of 2157723946?
9
What is the hundreds digit of 1186607675?
6
What is the ten millions digit of 189729